 9*w**2 - 5*w - 11. Let m(h) = 7*b(h) - 4*i(h). List the prime factors of m(c).
2
Suppose 0 = 7*i - 2*i - 140. What are the prime factors of i?
2, 7
Suppose 0 = -3*v + 2*b + 27, 5*b + 7 = -8. Suppose -2*n + 1 + 1 = 2*p, -3*n + v = -p. List the prime factors of n.
2
Let j(i) = i**3 - 7*i**2 + i - 2. Let v be j(7). Suppose 0 = 4*z + v*d - 62, -2*z + 4*z - 30 = -3*d. List the prime factors of z.
2, 3
Suppose -2*a + 3*q = -5, -q = -0*q - 1. Let l(u) be the third derivative of u**4/12 + u**3/3 - 3*u**2. List the prime factors of l(a).
2, 5
Let c(v) = 5*v**2 - 4*v - 5. List the prime factors of c(-2).
23
Let n = 89 - -47. List the prime factors of n.
2, 17
Let l(d) be the second derivative of -d**4/12 + 2*d**3/3 + d**2 + 3*d. List the prime factors of l(4).
2
Suppose 0*i - 4*z + 42 = 3*i, 2*i - 28 = z. List the prime factors of i.
2, 7
Let c = -8 - -90. Suppose o = 2*w + 6, c = 5*o - 0*w + 3*w. What are the prime factors of o?
2, 7
Let f = -7 + 10. Let r be 24/(-9)*f/(-2). Suppose -r*j + 6 + 6 = 0, -4*v + 9 = -5*j. List the prime factors of v.
2, 3
Suppose 10 = 3*h - 3*g - 2*g, 0 = 3*h + g - 34. Suppose 0 = 2*t - h - 14. What are the prime factors of t?
2, 3
Let x(i) = 10*i**2 + 2*i - 2. Let s be x(2). Suppose 4*r - s = -2*b - b, -4*r + 22 = b. List the prime factors of b.
2, 5
Let s be 8/4 - 15/3. What are the prime factors of (-330)/(-20)*(-4)/s?
2, 11
Let x = 36 - 7. Suppose 0 = -4*d + 47 + x. Let o = d + -11. List the prime factors of o.
2
Let c = 5 + -3. List the prime factors of (-5 + -41)/(c*-1).
23
Suppose 0 = -i, -2*i = -5*y - 1007 - 933. Let u be y/(-36) - (-2)/9. Let t = 3 + u. What are the prime factors of t?
2, 7
Suppose 217 = -5*k + 767. What are the prime factors of k?
2, 5, 11
Let t(q) = -q**3 - 5*q**2 + q + 8. What are the prime factors of t(-6)?
2, 19
Let y = -7 + 27. What are the prime factors of y?
2, 5
Let z = -43 + 60. Let r = z - 10. List the prime factors of r.
7
Suppose 3*c - 9 + 0 = 0. Let a = c - -13. What are the prime factors of a?
2
Let o = 7 + -7. Suppose b - p - 7 = 0, 12 + o = 4*p. List the prime factors of b.
2, 5
List the prime factors of 3 - ((4 - 2) + -155).
2, 3, 13
List the prime factors of 1/(-2) + (-1869)/(-14).
7, 19
Let u = -3 + -1. Let f be (-1 + -3)*23/u. Suppose 5*x - 3*k - 78 = 0, -3*x - 2*k = -66 + f. List the prime factors of x.
3, 5
Suppose -5*b + 3*r = -b - 215, -2*b - 5*r + 101 = 0. List the prime factors of b.
53
Suppose c - 58 = -5*h - 2*c, 3*h = 2*c + 50. What are the prime factors of h?
2, 7
List the prime factors of -2 + (1 - 0/(-2)) - -54.
53
Let n(f) = f + 13. Let u be n(-8). List the prime factors of 11 + u/((-5)/(-2)).
13
Let n(f) = -7*f**3 - 2*f**2 + 2*f - 1. Suppose 2*q - 4 = -2*y + 4, 14 = -q + 5*y. Let h be n(q). Let s(c) = -c**2 - 10*c - 6. List the prime factors of s(h).
2, 5
Suppose p = 5*p. Let r be (p - 0)/(-2 - 0). Suppose -4*c = -3*n + 7*n - 12, -c = r. What are the prime factors of n?
3
Let u(k) = 2*k**2 + 15. What are the prime factors of u(0)?
3, 5
What are the prime factors of 18/(-5)*20/(-8)?
3
Let d(f) = 3*f + 3*f**3 - 20*f**2 + 0*f**3 + 7*f**3 + 20. Let j(m) = -7*m**3 + 13*m**2 - 2*m - 13. Let a(v) = 5*d(v) + 7*j(v). List the prime factors of a(9).
2, 3
Suppose -71 = -d - 29. What are the prime factors of d?
2, 3, 7
Suppose -5*g - 3*c = -130, c + 75 = 2*g + 12. List the prime factors of (-4)/5*(4 - g).
2, 5
Let p = 12 + -1. List the prime factors of p.
11
Suppose 0 = k - 8*k + 14. Suppose 3*p + 119 = k*d + 2*p, -d = -5*p - 82. What are the prime factors of d?
3, 19
Suppose 0 = -2*m + 85 + 93. What are the prime factors of m?
89
Let m = -27 - -40. Let g = 8 - m. What are the prime factors of (-2)/5*2*g?
2
Let o(h) = -9 + 17 - 2*h + 0*h - 5. What are the prime factors of o(-3)?
3
Let n(v) = 7*v. Let l be n(3). Suppose -3*m + 6*m = -3*j + l, 0 = 2*m - 4*j - 38. What are the prime factors of m?
11
Suppose -6*c + 3*w - 56 = -c, 0 = 2*c - 3*w + 17. Let a = 27 + c. List the prime factors of a.
2, 7
Let d = -155 + 295. What are the prime factors of d?
2, 5, 7
Suppose -2*b - 1 = 29. Let x be 3*4*(-5)/b. Let m = x - -13. What are the prime factors of m?
17
Let n = 2 - 1. Let t = 1 - n. Suppose -g = 3*v - 2*v - 5, t = 2*g - v - 4. What are the prime factors of g?
3
Suppose -5*d = g - 6*g + 140, -2*g + 50 = 4*d. List the prime factors of g.
3
Let v(l) = -2 + 17*l - l**2 + 7 - 4*l. What are the prime factors of v(11)?
3
Let o(y) = -27*y + 5. Suppose 0 = r - 3 - 2. Let p be o(r). What are the prime factors of 2/(-9) - p/18?
7
Let d(t) = -t**2 + 7*t - 10. Let u be d(4). Suppose u*i - k + 0*k = 73, 5*i + 5*k - 145 = 0. List the prime factors of i.
2, 17
Suppose 0 = -0*a - 5*a + 50. Suppose -4*y + 2 = -10. Suppose y*i - a = 2*i. What are the prime factors of i?
2, 5
Let u be ((-6)/12)/(2/(-12)). Suppose 3*r + q - 27 = 5*q, -u*q + 9 = 0. List the prime factors of r.
13
Suppose -4*y + 85 = -39. Let m = 4 + 1. Suppose -m*l - 2*b + 52 = 0, 0 = -4*l - 3*b + y + 5. What are the prime factors of l?
2, 3
Suppose 5*h + 82 = 3*b - 23, 3*h = b - 35. List the prime factors of b.
5, 7
Let k = -10 + 13. Let t = 6 - k. Let f = t - 1. List the prime factors of f.
2
Suppose -11*d = -21*d + 1830. List the prime factors of d.
3, 61
Let w(y) = y - 3. Let n be w(-4). What are the prime factors of 2/n + (-1704)/(-84)?
2, 5
Suppose 0*h - 4*i = h + 28, -4*h = 5*i + 57. Let l = h - -14. List the prime factors of l.
2, 3
Let t be ((-3)/2)/(-3)*2. Let h be 3*t/(-2)*-2. Suppose -5 = -2*r + h. List the prime factors of r.
2
Suppose 69*b - 74*b + 550 = 0. List the prime factors of b.
2, 5, 11
Let g(c) = -13*c**3 + 3*c + 1. Let a be g(-2). Suppose 5*k - a = -19. List the prime factors of k.
2
Let o be 10*(2 + (-8)/5). Suppose -24 = -z - 9*j + o*j, 0 = z - 2*j - 10. What are the prime factors of z?
2, 7
Suppose 0*j = j - 7. Suppose -j = 4*i - 5*h, -3*h + 2 = 2*i - 11. List the prime factors of (3 + 2)/(i/4).
2, 5
Let x be (-4)/6 + (-30)/9. Suppose 3*d - 14 = -2*m, 2*m + 4 = 2*d - 22. Let r = x + d. List the prime factors of r.
2
Suppose 4 + 6 = 5*r. Suppose -r*m = -0*m - 40. List the prime factors of m.
2, 5
Let f(v) = v**3 - 5*v**2 + 3*v - 2. Let h(k) = -2*k - 6. Let w be h(-6). What are the prime factors of f(w)?
2, 13
Suppose 99 = 3*m - 0*m. Let a = 67 - m. What are the prime factors of a?
2, 17
Suppose 8 = -0*f + 4*f. Suppose 5*o - f*o = 0. Let b = 13 - o. List the prime factors of b.
13
Suppose 2*o - 3*s = 7*o - 19, 0 = 3*o - 2*s. Let c(u) = u + 7. Let p be c(-7). Suppose -2*q - o*q + 32 = p. List the prime factors of q.
2
Suppose -4*g + 0*g + 24 = 0. What are the prime factors of g?
2, 3
Let y(n) = -3*n - 3. Let r be y(-3). Let o(l) = -1 + 0 - r*l**2 + 12*l**2. List the prime factors of o(1).
5
Let j be (-2)/2 + (8 - 7). Suppose t - 4*m - 2 = 1, 2*m = -t - 21. Let u = j - t. List the prime factors of u.
13
Let d(z) = 3*z**3 + 2*z**2 - z. Let g be d(-2). Suppose 40 = -17*w + 7*w. Let i = w - g. List the prime factors of i.
2, 5
Let x(q) = 8*q - 32. List the prime factors of x(17).
2, 13
Let z be (-24)/14*(-35)/10. Let y(l) = l**3 - 5*l**2 - 3*l - 3. List the prime factors of y(z).
3, 5
Let c(v) = -2*v - 4. Let m be c(-5). Suppose -m*a + 38 = -4*a. List the prime factors of a.
19
Let o(x) = 5*x**2 + 3*x + 2. List the prime factors of o(-2).
2
What are the prime factors of ((-9)/6)/((-3)/258)?
3, 43
Let v = 81 - 1. Suppose -u = 4*u - v. What are the prime factors of u?
2
Let t be (-2)/(-1)*27/6. Suppose -2*g + r = -t - 0, r = -g + 3. What are the prime factors of g?
2
Let g = 67 + -53. List the prime factors of g.
2, 7
Let s be 4 - (-2 + -1 + 2). Suppose -4*p - r = 2*r - 1, -3*p = s*r + 13. What are the prime factors of p?
2
Suppose -3*s + 0*z + 117 = 3*z, 0 = 5*s - 5*z - 195. Suppose 0*l + s = 3*l. List the prime factors of l.
13
Let c(y) = 0 + 3*y - 2 - 2*y. Suppose -4*v - 2 = n + 3, -v = -4*n + 31. What are the prime factors of c(n)?
5
Let p(o) = o. Let n(s) = -s**3 - 10*s**2 + 11*s - 6. Let x(y) = n(y) - 2*p(y). List the prime factors of x(-11).
2
Suppose -4*z - 8 = -8*z. List the prime factors of (4/z)/(2/7).
7
Let f(g) = 2*g**2 - 2*g + 101. List the prime factors of f(0).
101
Suppose 0 = -3*m - 5*i + 3*i + 22, 3*m + i = 17. Suppose 0 = m*x - 54 + 10. List the prime factors of x.
11
Let o be 208/(-39)*(-2 +